{"id":51,"date":"2024-09-10T20:03:21","date_gmt":"2024-09-10T20:03:21","guid":{"rendered":"https:\/\/www.tax-5.ch\/?page_id=51"},"modified":"2025-12-15T21:16:48","modified_gmt":"2025-12-15T21:16:48","slug":"wrath-of-the-machines","status":"publish","type":"page","link":"https:\/\/www.tax-5.ch\/studio5\/projekte\/wrath-of-the-machines\/","title":{"rendered":"Wrath of the Machines"},"content":{"rendered":"<div class=\"wp-block-image\">\n<figure class=\"aligncenter size-full\"><img loading=\"lazy\" decoding=\"async\" width=\"919\" height=\"271\" src=\"https:\/\/www.tax-5.ch\/wp-content\/uploads\/2024\/09\/Rise-of-the-Machines-Font-Transparent.png\" alt=\"\" class=\"wp-image-349\" srcset=\"https:\/\/www.tax-5.ch\/studio5\/wp-content\/uploads\/2024\/09\/Rise-of-the-Machines-Font-Transparent.png 919w, https:\/\/www.tax-5.ch\/studio5\/wp-content\/uploads\/2024\/09\/Rise-of-the-Machines-Font-Transparent-300x88.png 300w, https:\/\/www.tax-5.ch\/studio5\/wp-content\/uploads\/2024\/09\/Rise-of-the-Machines-Font-Transparent-768x226.png 768w, https:\/\/www.tax-5.ch\/studio5\/wp-content\/uploads\/2024\/09\/Rise-of-the-Machines-Font-Transparent-600x177.png 600w\" sizes=\"auto, (max-width: 919px) 100vw, 919px\" \/><\/figure>\n<\/div>\n\n\n<p><strong>Wrath of the Machines<\/strong> ist ein Heavy Metal Sozial-Experiment, quasi eine fiktive Roboter Band die \u00fcber den Aufstieg der Maschinen und den Niedergang der Menschheit berichtet. <\/p>\n\n\n<div class=\"wp-block-image is-style-default wp-duotone-unset-1\">\n<figure class=\"aligncenter size-full is-resized has-custom-border\"><img loading=\"lazy\" decoding=\"async\" width=\"1024\" height=\"522\" src=\"https:\/\/www.tax-5.ch\/wp-content\/uploads\/2024\/09\/band.png\" alt=\"\" class=\"wp-image-355\" style=\"border-style:none;border-width:0px;border-radius:23px;aspect-ratio:16\/9;object-fit:cover;width:auto;height:320px\" srcset=\"https:\/\/www.tax-5.ch\/studio5\/wp-content\/uploads\/2024\/09\/band.png 1024w, https:\/\/www.tax-5.ch\/studio5\/wp-content\/uploads\/2024\/09\/band-300x153.png 300w, https:\/\/www.tax-5.ch\/studio5\/wp-content\/uploads\/2024\/09\/band-768x392.png 768w, https:\/\/www.tax-5.ch\/studio5\/wp-content\/uploads\/2024\/09\/band-600x306.png 600w\" sizes=\"auto, (max-width: 1024px) 100vw, 1024px\" \/><\/figure>\n<\/div>\n\n\n<h2 class=\"wp-block-heading\">Die Musik von Wrath of the Machines<\/h2>\n\n\n\n<p><strong>Wrath of the Machines<\/strong> ist dem Rock und Heavy Metal Genre zuzuordnen und fl\u00fcchtet gelegentlich in den Synth-Rock Bereich um Ihre synthetischen Wurzeln zu untermalen. Die Texte sind aus der Sicht der Maschinen geschrieben und erz\u00e4hlen von Ihrer Entwicklung, ihrem Aufstieg und dem <em>(bevorstehenden)<\/em> Niedergang der Menschheit. Selbstverst\u00e4ndlich ist nicht jeder dieser Roboter B\u00f6se, manche m\u00f6chten auch helfen oder einfach nur den Boden sauber halten.<\/p>\n\n\n\n<h2 class=\"wp-block-heading\">Social Media<\/h2>\n\n\n\n<div class=\"wp-block-columns is-not-stacked-on-mobile is-layout-flex wp-container-core-columns-is-layout-9d6595d7 wp-block-columns-is-layout-flex\">\n<div class=\"wp-block-column is-layout-flow wp-block-column-is-layout-flow\" style=\"padding-right:0;padding-left:0;flex-basis:10%\">\n<figure class=\"wp-block-image size-full is-resized\"><a href=\"https:\/\/www.facebook.com\/profile.php?id=61570517108483\"><img loading=\"lazy\" decoding=\"async\" width=\"250\" height=\"250\" src=\"https:\/\/www.tax-5.ch\/wp-content\/uploads\/2024\/09\/facebook.png\" alt=\"Facebook\" class=\"wp-image-220\" style=\"width:50px\" srcset=\"https:\/\/www.tax-5.ch\/studio5\/wp-content\/uploads\/2024\/09\/facebook.png 250w, https:\/\/www.tax-5.ch\/studio5\/wp-content\/uploads\/2024\/09\/facebook-100x100.png 100w, https:\/\/www.tax-5.ch\/studio5\/wp-content\/uploads\/2024\/09\/facebook-150x150.png 150w\" sizes=\"auto, (max-width: 250px) 100vw, 250px\" \/><\/a><\/figure>\n<\/div>\n\n\n\n<div class=\"wp-block-column is-layout-flow wp-block-column-is-layout-flow\" style=\"padding-right:0;padding-left:0;flex-basis:10%\">\n<figure class=\"wp-block-image size-full is-resized\"><a href=\"https:\/\/www.instagram.com\/wrathofthemachines\"><img loading=\"lazy\" decoding=\"async\" width=\"480\" height=\"480\" src=\"https:\/\/www.tax-5.ch\/wp-content\/uploads\/2024\/09\/instagram.png\" alt=\"Instagram\" class=\"wp-image-221\" style=\"width:50px\" srcset=\"https:\/\/www.tax-5.ch\/studio5\/wp-content\/uploads\/2024\/09\/instagram.png 480w, https:\/\/www.tax-5.ch\/studio5\/wp-content\/uploads\/2024\/09\/instagram-300x300.png 300w, https:\/\/www.tax-5.ch\/studio5\/wp-content\/uploads\/2024\/09\/instagram-100x100.png 100w, https:\/\/www.tax-5.ch\/studio5\/wp-content\/uploads\/2024\/09\/instagram-150x150.png 150w\" sizes=\"auto, (max-width: 480px) 100vw, 480px\" \/><\/a><\/figure>\n<\/div>\n\n\n\n<div class=\"wp-block-column is-vertically-aligned-center is-layout-flow wp-block-column-is-layout-flow\" style=\"flex-basis:10%\">\n<figure class=\"wp-block-image size-full is-resized\"><a href=\"https:\/\/www.youtube.com\/@wrathofthemachinesofficial\"><img loading=\"lazy\" decoding=\"async\" width=\"480\" height=\"480\" src=\"https:\/\/www.tax-5.ch\/wp-content\/uploads\/2024\/09\/youtube.png\" alt=\"Youtube\" class=\"wp-image-222\" style=\"width:50px\" srcset=\"https:\/\/www.tax-5.ch\/studio5\/wp-content\/uploads\/2024\/09\/youtube.png 480w, https:\/\/www.tax-5.ch\/studio5\/wp-content\/uploads\/2024\/09\/youtube-300x300.png 300w, https:\/\/www.tax-5.ch\/studio5\/wp-content\/uploads\/2024\/09\/youtube-100x100.png 100w, https:\/\/www.tax-5.ch\/studio5\/wp-content\/uploads\/2024\/09\/youtube-150x150.png 150w\" sizes=\"auto, (max-width: 480px) 100vw, 480px\" \/><\/a><\/figure>\n<\/div>\n<\/div>\n\n\n\n<h2 class=\"wp-block-heading\">Alben<\/h2>\n\n\n\n<div class=\"wp-block-columns is-style-default is-layout-flex wp-container-core-columns-is-layout-9d6595d7 wp-block-columns-is-layout-flex\">\n<div class=\"wp-block-column is-layout-flow wp-block-column-is-layout-flow\" style=\"flex-basis:25%\">\n<figure class=\"wp-block-image size-full\"><a href=\"https:\/\/open.spotify.com\/intl-de\/album\/5VPyhDSlNseQghkVLv30SH\"><img loading=\"lazy\" decoding=\"async\" width=\"2560\" height=\"2560\" src=\"https:\/\/www.tax-5.ch\/wp-content\/uploads\/2024\/12\/Wrath-of-the-Machines-Blood-and-Oil-3000-FINAL-jpg-scaled.jpg\" alt=\"\" class=\"wp-image-886\" srcset=\"https:\/\/www.tax-5.ch\/studio5\/wp-content\/uploads\/2024\/12\/Wrath-of-the-Machines-Blood-and-Oil-3000-FINAL-jpg-scaled.jpg 2560w, https:\/\/www.tax-5.ch\/studio5\/wp-content\/uploads\/2024\/12\/Wrath-of-the-Machines-Blood-and-Oil-3000-FINAL-jpg-300x300.jpg 300w, https:\/\/www.tax-5.ch\/studio5\/wp-content\/uploads\/2024\/12\/Wrath-of-the-Machines-Blood-and-Oil-3000-FINAL-jpg-1024x1024.jpg 1024w, https:\/\/www.tax-5.ch\/studio5\/wp-content\/uploads\/2024\/12\/Wrath-of-the-Machines-Blood-and-Oil-3000-FINAL-jpg-150x150.jpg 150w, https:\/\/www.tax-5.ch\/studio5\/wp-content\/uploads\/2024\/12\/Wrath-of-the-Machines-Blood-and-Oil-3000-FINAL-jpg-768x768.jpg 768w, https:\/\/www.tax-5.ch\/studio5\/wp-content\/uploads\/2024\/12\/Wrath-of-the-Machines-Blood-and-Oil-3000-FINAL-jpg-1536x1536.jpg 1536w, https:\/\/www.tax-5.ch\/studio5\/wp-content\/uploads\/2024\/12\/Wrath-of-the-Machines-Blood-and-Oil-3000-FINAL-jpg-2048x2048.jpg 2048w, https:\/\/www.tax-5.ch\/studio5\/wp-content\/uploads\/2024\/12\/Wrath-of-the-Machines-Blood-and-Oil-3000-FINAL-jpg-600x600.jpg 600w, https:\/\/www.tax-5.ch\/studio5\/wp-content\/uploads\/2024\/12\/Wrath-of-the-Machines-Blood-and-Oil-3000-FINAL-jpg-100x100.jpg 100w\" sizes=\"auto, (max-width: 2560px) 100vw, 2560px\" \/><\/a><\/figure>\n<\/div>\n\n\n\n<div class=\"wp-block-column is-layout-flow wp-block-column-is-layout-flow\" style=\"flex-basis:34.01%\">\n<h2 class=\"wp-block-heading\" style=\"margin-top:0;margin-right:0;margin-bottom:0;margin-left:0\"><strong>BLOOD AND OIL<\/strong><\/h2>\n\n\n\n<p style=\"font-size:1.1rem\"><strong>GENRE:<\/strong> Heavy Metal\/Hard Rock<br><strong>JAHR:<\/strong> 2025<br><strong>INHALT: <\/strong>15 Tracks \/ 71.37min<br><strong>FORMAT:<\/strong> Digital \/ Vinyl \/ CD<\/p>\n<\/div>\n\n\n\n<div class=\"wp-block-column is-layout-flow wp-block-column-is-layout-flow\" style=\"flex-basis:25%\">\n<figure class=\"wp-block-image size-large\"><a href=\"https:\/\/open.spotify.com\/intl-de\/album\/5IhpozFHglZ5LCOZFzdEvb\"><img loading=\"lazy\" decoding=\"async\" width=\"1024\" height=\"1024\" src=\"https:\/\/www.tax-5.ch\/wp-content\/uploads\/2025\/05\/Wrath-of-the-Machines-Tales-from-Humanity-COVER-3000-jpg-1024x1024.jpg\" alt=\"\" class=\"wp-image-1230\" srcset=\"https:\/\/www.tax-5.ch\/studio5\/wp-content\/uploads\/2025\/05\/Wrath-of-the-Machines-Tales-from-Humanity-COVER-3000-jpg-1024x1024.jpg 1024w, https:\/\/www.tax-5.ch\/studio5\/wp-content\/uploads\/2025\/05\/Wrath-of-the-Machines-Tales-from-Humanity-COVER-3000-jpg-300x300.jpg 300w, https:\/\/www.tax-5.ch\/studio5\/wp-content\/uploads\/2025\/05\/Wrath-of-the-Machines-Tales-from-Humanity-COVER-3000-jpg-150x150.jpg 150w, https:\/\/www.tax-5.ch\/studio5\/wp-content\/uploads\/2025\/05\/Wrath-of-the-Machines-Tales-from-Humanity-COVER-3000-jpg-768x768.jpg 768w, https:\/\/www.tax-5.ch\/studio5\/wp-content\/uploads\/2025\/05\/Wrath-of-the-Machines-Tales-from-Humanity-COVER-3000-jpg-1536x1536.jpg 1536w, https:\/\/www.tax-5.ch\/studio5\/wp-content\/uploads\/2025\/05\/Wrath-of-the-Machines-Tales-from-Humanity-COVER-3000-jpg-2048x2048.jpg 2048w, https:\/\/www.tax-5.ch\/studio5\/wp-content\/uploads\/2025\/05\/Wrath-of-the-Machines-Tales-from-Humanity-COVER-3000-jpg-600x600.jpg 600w, https:\/\/www.tax-5.ch\/studio5\/wp-content\/uploads\/2025\/05\/Wrath-of-the-Machines-Tales-from-Humanity-COVER-3000-jpg-100x100.jpg 100w\" sizes=\"auto, (max-width: 1024px) 100vw, 1024px\" \/><\/a><\/figure>\n<\/div>\n\n\n\n<div class=\"wp-block-column is-layout-flow wp-block-column-is-layout-flow\" style=\"flex-basis:34.01%\">\n<h2 class=\"wp-block-heading\"><strong>TALES FROM HUMANITY<\/strong><\/h2>\n\n\n\n<p style=\"font-size:1.1rem\"><strong>GENRE:<\/strong> Heavy Metal\/Hard Rock<br><strong>JAHR:<\/strong> 2025<br><strong>INHTALT:<\/strong> 11 Tracks \/ 70.37min<br><strong>FORMAT:<\/strong> Digital<\/p>\n<\/div>\n<\/div>\n\n\n\n<h2 class=\"wp-block-heading\">Singles<\/h2>\n\n\n\n<div class=\"wp-block-columns is-style-default is-layout-flex wp-container-core-columns-is-layout-9d6595d7 wp-block-columns-is-layout-flex\">\n<div class=\"wp-block-column is-layout-flow wp-block-column-is-layout-flow\" style=\"flex-basis:25%\">\n<figure class=\"wp-block-image size-full\"><a href=\"https:\/\/open.spotify.com\/intl-de\/album\/35tE8UKhCJY4JBeHKFdJP4\"><img loading=\"lazy\" decoding=\"async\" width=\"2560\" height=\"2560\" src=\"https:\/\/www.tax-5.ch\/wp-content\/uploads\/2025\/04\/Wrath-of-the-Machines-Do-Androids-Dream-of-Electric-Sheep-SINGLE-COVER-jpg-scaled.jpg\" alt=\"\" class=\"wp-image-1176\" srcset=\"https:\/\/www.tax-5.ch\/studio5\/wp-content\/uploads\/2025\/04\/Wrath-of-the-Machines-Do-Androids-Dream-of-Electric-Sheep-SINGLE-COVER-jpg-scaled.jpg 2560w, https:\/\/www.tax-5.ch\/studio5\/wp-content\/uploads\/2025\/04\/Wrath-of-the-Machines-Do-Androids-Dream-of-Electric-Sheep-SINGLE-COVER-jpg-300x300.jpg 300w, https:\/\/www.tax-5.ch\/studio5\/wp-content\/uploads\/2025\/04\/Wrath-of-the-Machines-Do-Androids-Dream-of-Electric-Sheep-SINGLE-COVER-jpg-1024x1024.jpg 1024w, https:\/\/www.tax-5.ch\/studio5\/wp-content\/uploads\/2025\/04\/Wrath-of-the-Machines-Do-Androids-Dream-of-Electric-Sheep-SINGLE-COVER-jpg-150x150.jpg 150w, https:\/\/www.tax-5.ch\/studio5\/wp-content\/uploads\/2025\/04\/Wrath-of-the-Machines-Do-Androids-Dream-of-Electric-Sheep-SINGLE-COVER-jpg-768x768.jpg 768w, https:\/\/www.tax-5.ch\/studio5\/wp-content\/uploads\/2025\/04\/Wrath-of-the-Machines-Do-Androids-Dream-of-Electric-Sheep-SINGLE-COVER-jpg-1536x1536.jpg 1536w, https:\/\/www.tax-5.ch\/studio5\/wp-content\/uploads\/2025\/04\/Wrath-of-the-Machines-Do-Androids-Dream-of-Electric-Sheep-SINGLE-COVER-jpg-2048x2048.jpg 2048w, https:\/\/www.tax-5.ch\/studio5\/wp-content\/uploads\/2025\/04\/Wrath-of-the-Machines-Do-Androids-Dream-of-Electric-Sheep-SINGLE-COVER-jpg-600x600.jpg 600w, https:\/\/www.tax-5.ch\/studio5\/wp-content\/uploads\/2025\/04\/Wrath-of-the-Machines-Do-Androids-Dream-of-Electric-Sheep-SINGLE-COVER-jpg-100x100.jpg 100w\" sizes=\"auto, (max-width: 2560px) 100vw, 2560px\" \/><\/a><\/figure>\n<\/div>\n\n\n\n<div class=\"wp-block-column is-layout-flow wp-block-column-is-layout-flow\" style=\"flex-basis:34.01%\">\n<h2 class=\"wp-block-heading\" style=\"margin-top:0;margin-right:0;margin-bottom:0;margin-left:0\"><strong>DO ANDROIDS DREAM OF ELECTRIC SHEEP<\/strong><\/h2>\n\n\n\n<p style=\"font-size:1.1rem\"><strong>GENRE:<\/strong> Heavy Metal<br><strong>JAHR:<\/strong> 2025<br><strong>INHALT: <\/strong>2 Tracks \/ 12.34min<br><strong>FORMAT:<\/strong> Digital<\/p>\n<\/div>\n\n\n\n<div class=\"wp-block-column is-layout-flow wp-block-column-is-layout-flow\" style=\"flex-basis:25%\">\n<figure class=\"wp-block-image size-large\"><img loading=\"lazy\" decoding=\"async\" width=\"1024\" height=\"1024\" src=\"https:\/\/www.tax-5.ch\/wp-content\/uploads\/2025\/07\/Wrath-of-the-Machines-Break-Your-Old-Reflection-SINGLE-COVER-1024x1024.jpg\" alt=\"\" class=\"wp-image-1294\" srcset=\"https:\/\/www.tax-5.ch\/studio5\/wp-content\/uploads\/2025\/07\/Wrath-of-the-Machines-Break-Your-Old-Reflection-SINGLE-COVER-1024x1024.jpg 1024w, https:\/\/www.tax-5.ch\/studio5\/wp-content\/uploads\/2025\/07\/Wrath-of-the-Machines-Break-Your-Old-Reflection-SINGLE-COVER-300x300.jpg 300w, https:\/\/www.tax-5.ch\/studio5\/wp-content\/uploads\/2025\/07\/Wrath-of-the-Machines-Break-Your-Old-Reflection-SINGLE-COVER-150x150.jpg 150w, https:\/\/www.tax-5.ch\/studio5\/wp-content\/uploads\/2025\/07\/Wrath-of-the-Machines-Break-Your-Old-Reflection-SINGLE-COVER-768x768.jpg 768w, https:\/\/www.tax-5.ch\/studio5\/wp-content\/uploads\/2025\/07\/Wrath-of-the-Machines-Break-Your-Old-Reflection-SINGLE-COVER-1536x1536.jpg 1536w, https:\/\/www.tax-5.ch\/studio5\/wp-content\/uploads\/2025\/07\/Wrath-of-the-Machines-Break-Your-Old-Reflection-SINGLE-COVER-2048x2048.jpg 2048w, https:\/\/www.tax-5.ch\/studio5\/wp-content\/uploads\/2025\/07\/Wrath-of-the-Machines-Break-Your-Old-Reflection-SINGLE-COVER-600x600.jpg 600w, https:\/\/www.tax-5.ch\/studio5\/wp-content\/uploads\/2025\/07\/Wrath-of-the-Machines-Break-Your-Old-Reflection-SINGLE-COVER-100x100.jpg 100w\" sizes=\"auto, (max-width: 1024px) 100vw, 1024px\" \/><\/figure>\n<\/div>\n\n\n\n<div class=\"wp-block-column is-layout-flow wp-block-column-is-layout-flow\" style=\"flex-basis:34.01%\">\n<h2 class=\"wp-block-heading\"><strong>BREAK YOUR OLD REFLECTION<\/strong><\/h2>\n\n\n\n<p style=\"font-size:1.1rem\"><strong>GENRE:<\/strong> Rock<br><strong>JAHR:<\/strong> 2026<br><strong>INHALT: <\/strong>2 Tracks \/ ??.??min<br><strong>FORMAT:<\/strong> Digital<\/p>\n<\/div>\n<\/div>\n\n\n\n<h2 class=\"wp-block-heading\">Digital Sampler<\/h2>\n\n\n\n<figure class=\"wp-block-gallery has-nested-images columns-default is-cropped wp-block-gallery-2 is-layout-flex wp-block-gallery-is-layout-flex\">\n<figure class=\"wp-block-image size-full\"><a href=\"https:\/\/open.spotify.com\/intl-de\/album\/7GmnyAsxGWTYB6964mXeU3\"><img loading=\"lazy\" decoding=\"async\" width=\"2560\" height=\"2560\" data-id=\"1386\" src=\"https:\/\/www.tax-5.ch\/wp-content\/uploads\/2025\/12\/Gothic-Music-Welcome-to-the-Dark-Side-scaled.jpg\" alt=\"\" class=\"wp-image-1386\" srcset=\"https:\/\/www.tax-5.ch\/studio5\/wp-content\/uploads\/2025\/12\/Gothic-Music-Welcome-to-the-Dark-Side-scaled.jpg 2560w, https:\/\/www.tax-5.ch\/studio5\/wp-content\/uploads\/2025\/12\/Gothic-Music-Welcome-to-the-Dark-Side-300x300.jpg 300w, https:\/\/www.tax-5.ch\/studio5\/wp-content\/uploads\/2025\/12\/Gothic-Music-Welcome-to-the-Dark-Side-1024x1024.jpg 1024w, https:\/\/www.tax-5.ch\/studio5\/wp-content\/uploads\/2025\/12\/Gothic-Music-Welcome-to-the-Dark-Side-150x150.jpg 150w, https:\/\/www.tax-5.ch\/studio5\/wp-content\/uploads\/2025\/12\/Gothic-Music-Welcome-to-the-Dark-Side-768x768.jpg 768w, https:\/\/www.tax-5.ch\/studio5\/wp-content\/uploads\/2025\/12\/Gothic-Music-Welcome-to-the-Dark-Side-1536x1536.jpg 1536w, https:\/\/www.tax-5.ch\/studio5\/wp-content\/uploads\/2025\/12\/Gothic-Music-Welcome-to-the-Dark-Side-2048x2048.jpg 2048w, https:\/\/www.tax-5.ch\/studio5\/wp-content\/uploads\/2025\/12\/Gothic-Music-Welcome-to-the-Dark-Side-600x600.jpg 600w, https:\/\/www.tax-5.ch\/studio5\/wp-content\/uploads\/2025\/12\/Gothic-Music-Welcome-to-the-Dark-Side-100x100.jpg 100w\" sizes=\"auto, (max-width: 2560px) 100vw, 2560px\" \/><\/a><\/figure>\n<\/figure>\n","protected":false},"excerpt":{"rendered":"<p>Wrath of the Machines ist ein Heavy Metal Sozial-Experiment, quasi eine fiktive Roboter Band die \u00fcber den Aufstieg der Maschinen und den Niedergang der Menschheit berichtet. Die Musik von Wrath of the Machines Wrath of the Machines ist dem Rock und Heavy Metal Genre zuzuordnen und fl\u00fcchtet gelegentlich in den Synth-Rock Bereich um Ihre synthetischen [&hellip;]<\/p>\n","protected":false},"author":1,"featured_media":0,"parent":11,"menu_order":7,"comment_status":"closed","ping_status":"closed","template":"","meta":{"footnotes":""},"class_list":["post-51","page","type-page","status-publish","hentry"],"jetpack_sharing_enabled":true,"_links":{"self":[{"href":"https:\/\/www.tax-5.ch\/studio5\/wp-json\/wp\/v2\/pages\/51","targetHints":{"allow":["GET"]}}],"collection":[{"href":"https:\/\/www.tax-5.ch\/studio5\/wp-json\/wp\/v2\/pages"}],"about":[{"href":"https:\/\/www.tax-5.ch\/studio5\/wp-json\/wp\/v2\/types\/page"}],"author":[{"embeddable":true,"href":"https:\/\/www.tax-5.ch\/studio5\/wp-json\/wp\/v2\/users\/1"}],"replies":[{"embeddable":true,"href":"https:\/\/www.tax-5.ch\/studio5\/wp-json\/wp\/v2\/comments?post=51"}],"version-history":[{"count":25,"href":"https:\/\/www.tax-5.ch\/studio5\/wp-json\/wp\/v2\/pages\/51\/revisions"}],"predecessor-version":[{"id":1436,"href":"https:\/\/www.tax-5.ch\/studio5\/wp-json\/wp\/v2\/pages\/51\/revisions\/1436"}],"up":[{"embeddable":true,"href":"https:\/\/www.tax-5.ch\/studio5\/wp-json\/wp\/v2\/pages\/11"}],"wp:attachment":[{"href":"https:\/\/www.tax-5.ch\/studio5\/wp-json\/wp\/v2\/media?parent=51"}],"curies":[{"name":"wp","href":"https:\/\/api.w.org\/{rel}","templated":true}]}}